{"id":2845,"date":"2024-09-02T15:31:28","date_gmt":"2024-09-02T13:31:28","guid":{"rendered":"https:\/\/sitasudtrasporti.it\/puglia\/?post_type=avvisi&#038;p=2845"},"modified":"2024-09-02T15:31:28","modified_gmt":"2024-09-02T13:31:28","slug":"sciopero-nazionale-del-settore-trasporto-pubblico-locale","status":"publish","type":"avvisi","link":"https:\/\/sitasudtrasporti.it\/puglia\/avvisi\/sciopero-nazionale-del-settore-trasporto-pubblico-locale\/","title":{"rendered":"Sciopero Nazionale del Settore Trasporto Pubblico Locale"},"content":{"rendered":"<p>Si informa la Gentile Clientela che le Segreterie Regionali delle sigle sindacali FILT-CGIL, FIT-CISL, UIL-TRASPORTI, FAISA-CISAL e UGL-FNA con nota PEC del 27\/08\/2024 hanno confermato l\u2019adesione allo <strong>SCIOPERO NAZIONALE DEL TRASPORTO PUBBLICO LOCALE di <\/strong><strong>luned\u00ec 9 settembre 2024 <\/strong><strong>con una astensione di 8 ore <\/strong><strong>dalle 15:30 alle 23:30<\/strong><br \/>\nPertanto, nel corso della giornata, la regolarit\u00e0 del servizio potr\u00e0 essere garantita solo nelle fasce orario nelle quali non vi sar\u00e0 astensione.<\/p>\n","protected":false},"featured_media":0,"template":"","categorie_avvisi":[42],"class_list":["post-2845","avvisi","type-avvisi","status-publish","hentry","categorie_avvisi-sciopero"],"acf":[],"yoast_head":"<!-- This site is optimized with the Yoast SEO plugin v22.5 - https:\/\/yoast.com\/wordpress\/plugins\/seo\/ -->\n<title>Avvisi<\/title>\n<meta name=\"robots\" content=\"index, follow, max-snippet:-1, max-image-preview:large, max-video-preview:-1\" \/>\n<link rel=\"canonical\" href=\"https:\/\/sitasudtrasporti.it\/puglia\/avvisi\/sciopero-nazionale-del-settore-trasporto-pubblico-locale\/\" \/>\n<meta property=\"og:locale\" content=\"it_IT\" \/>\n<meta property=\"og:type\" content=\"article\" \/>\n<meta property=\"og:title\" content=\"Avvisi\" \/>\n<meta property=\"og:description\" content=\"Si informa la Gentile Clientela che le Segreterie Regionali delle sigle sindacali FILT-CGIL, FIT-CISL, UIL-TRASPORTI, FAISA-CISAL e UGL-FNA con nota [&hellip;]\" \/>\n<meta property=\"og:url\" content=\"https:\/\/sitasudtrasporti.it\/puglia\/avvisi\/sciopero-nazionale-del-settore-trasporto-pubblico-locale\/\" \/>\n<meta property=\"og:site_name\" content=\"Puglia\" \/>\n<meta property=\"article:publisher\" content=\"https:\/\/www.facebook.com\/s.trasporti\" \/>\n<meta name=\"twitter:card\" content=\"summary_large_image\" \/>\n<meta name=\"twitter:site\" content=\"@SitaSudsrl\" \/>\n<meta name=\"twitter:label1\" content=\"Tempo di lettura stimato\" \/>\n\t<meta name=\"twitter:data1\" content=\"1 minuto\" \/>\n<script type=\"application\/ld+json\" class=\"yoast-schema-graph\">{\"@context\":\"https:\/\/schema.org\",\"@graph\":[{\"@type\":\"WebPage\",\"@id\":\"https:\/\/sitasudtrasporti.it\/puglia\/avvisi\/sciopero-nazionale-del-settore-trasporto-pubblico-locale\/\",\"url\":\"https:\/\/sitasudtrasporti.it\/puglia\/avvisi\/sciopero-nazionale-del-settore-trasporto-pubblico-locale\/\",\"name\":\"Avvisi\",\"isPartOf\":{\"@id\":\"https:\/\/sitasudtrasporti.it\/puglia\/#website\"},\"datePublished\":\"2024-09-02T13:31:28+00:00\",\"dateModified\":\"2024-09-02T13:31:28+00:00\",\"breadcrumb\":{\"@id\":\"https:\/\/sitasudtrasporti.it\/puglia\/avvisi\/sciopero-nazionale-del-settore-trasporto-pubblico-locale\/#breadcrumb\"},\"inLanguage\":\"it-IT\",\"potentialAction\":[{\"@type\":\"ReadAction\",\"target\":[\"https:\/\/sitasudtrasporti.it\/puglia\/avvisi\/sciopero-nazionale-del-settore-trasporto-pubblico-locale\/\"]}]},{\"@type\":\"BreadcrumbList\",\"@id\":\"https:\/\/sitasudtrasporti.it\/puglia\/avvisi\/sciopero-nazionale-del-settore-trasporto-pubblico-locale\/#breadcrumb\",\"itemListElement\":[{\"@type\":\"ListItem\",\"position\":1,\"name\":\"Home\",\"item\":\"https:\/\/sitasudtrasporti.it\/puglia\/\"},{\"@type\":\"ListItem\",\"position\":2,\"name\":\"Avvisi\",\"item\":\"https:\/\/sitasudtrasporti.it\/puglia\/avvisi\/\"},{\"@type\":\"ListItem\",\"position\":3,\"name\":\"Sciopero Nazionale del Settore Trasporto Pubblico Locale\"}]},{\"@type\":\"WebSite\",\"@id\":\"https:\/\/sitasudtrasporti.it\/puglia\/#website\",\"url\":\"https:\/\/sitasudtrasporti.it\/puglia\/\",\"name\":\"Sita Sud Puglia\",\"description\":\"\",\"publisher\":{\"@id\":\"https:\/\/sitasudtrasporti.it\/puglia\/#organization\"},\"potentialAction\":[{\"@type\":\"SearchAction\",\"target\":{\"@type\":\"EntryPoint\",\"urlTemplate\":\"https:\/\/sitasudtrasporti.it\/puglia\/?s={search_term_string}\"},\"query-input\":\"required name=search_term_string\"}],\"inLanguage\":\"it-IT\"},{\"@type\":\"Organization\",\"@id\":\"https:\/\/sitasudtrasporti.it\/puglia\/#organization\",\"name\":\"Sita Sud Puglia\",\"url\":\"https:\/\/sitasudtrasporti.it\/puglia\/\",\"logo\":{\"@type\":\"ImageObject\",\"inLanguage\":\"it-IT\",\"@id\":\"https:\/\/sitasudtrasporti.it\/puglia\/#\/schema\/logo\/image\/\",\"url\":\"https:\/\/sitasudtrasporti.it\/puglia\/wp-content\/uploads\/sites\/2\/2023\/12\/cropped-Sita-logo.png\",\"contentUrl\":\"https:\/\/sitasudtrasporti.it\/puglia\/wp-content\/uploads\/sites\/2\/2023\/12\/cropped-Sita-logo.png\",\"width\":244,\"height\":78,\"caption\":\"Sita Sud Puglia\"},\"image\":{\"@id\":\"https:\/\/sitasudtrasporti.it\/puglia\/#\/schema\/logo\/image\/\"},\"sameAs\":[\"https:\/\/www.facebook.com\/s.trasporti\",\"https:\/\/x.com\/SitaSudsrl\"]}]}<\/script>\n<!-- \/ Yoast SEO plugin. -->","yoast_head_json":{"title":"Avvisi","robots":{"index":"index","follow":"follow","max-snippet":"max-snippet:-1","max-image-preview":"max-image-preview:large","max-video-preview":"max-video-preview:-1"},"canonical":"https:\/\/sitasudtrasporti.it\/puglia\/avvisi\/sciopero-nazionale-del-settore-trasporto-pubblico-locale\/","og_locale":"it_IT","og_type":"article","og_title":"Avvisi","og_description":"Si informa la Gentile Clientela che le Segreterie Regionali delle sigle sindacali FILT-CGIL, FIT-CISL, UIL-TRASPORTI, FAISA-CISAL e UGL-FNA con nota [&hellip;]","og_url":"https:\/\/sitasudtrasporti.it\/puglia\/avvisi\/sciopero-nazionale-del-settore-trasporto-pubblico-locale\/","og_site_name":"Puglia","article_publisher":"https:\/\/www.facebook.com\/s.trasporti","twitter_card":"summary_large_image","twitter_site":"@SitaSudsrl","twitter_misc":{"Tempo di lettura stimato":"1 minuto"},"schema":{"@context":"https:\/\/schema.org","@graph":[{"@type":"WebPage","@id":"https:\/\/sitasudtrasporti.it\/puglia\/avvisi\/sciopero-nazionale-del-settore-trasporto-pubblico-locale\/","url":"https:\/\/sitasudtrasporti.it\/puglia\/avvisi\/sciopero-nazionale-del-settore-trasporto-pubblico-locale\/","name":"Avvisi","isPartOf":{"@id":"https:\/\/sitasudtrasporti.it\/puglia\/#website"},"datePublished":"2024-09-02T13:31:28+00:00","dateModified":"2024-09-02T13:31:28+00:00","breadcrumb":{"@id":"https:\/\/sitasudtrasporti.it\/puglia\/avvisi\/sciopero-nazionale-del-settore-trasporto-pubblico-locale\/#breadcrumb"},"inLanguage":"it-IT","potentialAction":[{"@type":"ReadAction","target":["https:\/\/sitasudtrasporti.it\/puglia\/avvisi\/sciopero-nazionale-del-settore-trasporto-pubblico-locale\/"]}]},{"@type":"BreadcrumbList","@id":"https:\/\/sitasudtrasporti.it\/puglia\/avvisi\/sciopero-nazionale-del-settore-trasporto-pubblico-locale\/#breadcrumb","itemListElement":[{"@type":"ListItem","position":1,"name":"Home","item":"https:\/\/sitasudtrasporti.it\/puglia\/"},{"@type":"ListItem","position":2,"name":"Avvisi","item":"https:\/\/sitasudtrasporti.it\/puglia\/avvisi\/"},{"@type":"ListItem","position":3,"name":"Sciopero Nazionale del Settore Trasporto Pubblico Locale"}]},{"@type":"WebSite","@id":"https:\/\/sitasudtrasporti.it\/puglia\/#website","url":"https:\/\/sitasudtrasporti.it\/puglia\/","name":"Sita Sud Puglia","description":"","publisher":{"@id":"https:\/\/sitasudtrasporti.it\/puglia\/#organization"},"potentialAction":[{"@type":"SearchAction","target":{"@type":"EntryPoint","urlTemplate":"https:\/\/sitasudtrasporti.it\/puglia\/?s={search_term_string}"},"query-input":"required name=search_term_string"}],"inLanguage":"it-IT"},{"@type":"Organization","@id":"https:\/\/sitasudtrasporti.it\/puglia\/#organization","name":"Sita Sud Puglia","url":"https:\/\/sitasudtrasporti.it\/puglia\/","logo":{"@type":"ImageObject","inLanguage":"it-IT","@id":"https:\/\/sitasudtrasporti.it\/puglia\/#\/schema\/logo\/image\/","url":"https:\/\/sitasudtrasporti.it\/puglia\/wp-content\/uploads\/sites\/2\/2023\/12\/cropped-Sita-logo.png","contentUrl":"https:\/\/sitasudtrasporti.it\/puglia\/wp-content\/uploads\/sites\/2\/2023\/12\/cropped-Sita-logo.png","width":244,"height":78,"caption":"Sita Sud Puglia"},"image":{"@id":"https:\/\/sitasudtrasporti.it\/puglia\/#\/schema\/logo\/image\/"},"sameAs":["https:\/\/www.facebook.com\/s.trasporti","https:\/\/x.com\/SitaSudsrl"]}]}},"_links":{"self":[{"href":"https:\/\/sitasudtrasporti.it\/puglia\/wp-json\/wp\/v2\/avvisi\/2845","targetHints":{"allow":["GET"]}}],"collection":[{"href":"https:\/\/sitasudtrasporti.it\/puglia\/wp-json\/wp\/v2\/avvisi"}],"about":[{"href":"https:\/\/sitasudtrasporti.it\/puglia\/wp-json\/wp\/v2\/types\/avvisi"}],"wp:attachment":[{"href":"https:\/\/sitasudtrasporti.it\/puglia\/wp-json\/wp\/v2\/media?parent=2845"}],"wp:term":[{"taxonomy":"categorie_avvisi","embeddable":true,"href":"https:\/\/sitasudtrasporti.it\/puglia\/wp-json\/wp\/v2\/categorie_avvisi?post=2845"}],"curies":[{"name":"wp","href":"https:\/\/api.w.org\/{rel}","templated":true}]}}

<p>Si informa la Gentile Clientela che le Segreterie Regionali delle sigle sindacali FILT-CGIL, FIT-CISL, UIL-TRASPORTI, FAISA-CISAL e UGL-FNA con nota PEC del 27/08/2024 hanno confermato l’adesione allo <strong>SCIOPERO NAZIONALE DEL TRASPORTO PUBBLICO LOCALE di </strong><strong>lunedì 9 settembre 2024 </strong><strong>con una astensione di 8 ore </strong><strong>dalle 15:30 alle 23:30</strong><br />
Pertanto, nel corso della giornata, la regolarità del servizio potrà essere garantita solo nelle fasce orario nelle quali non vi sarà astensione.</p>
